s 43853 prime?
True
Is 98029 a composite number?
True
Is 3934261 composite?
False
Is 120031 prime?
False
Is 78871 composite?
True
Is 114857 composite?
True
Is 2480149 a prime number?
False
Is 12889 composite?
False
Is 187599 a prime number?
False
Is 69323 a prime number?
False
Is 37738 a composite number?
True
Is 85 prime?
False
Is 478277 a prime number?
False
Is 7393 prime?
True
Is 18088781 a composite number?
False
Is 152549 a prime number?
False
Is 158163 prime?
False
Is 1901 prime?
True
Is 29789 a prime number?
True
Is 5149 composite?
True
Is 17203 composite?
False
Is 3073 a composite number?
True
Is 84937 a prime number?
False
Is 72421 a prime number?
True
Is 148429 a composite number?
False
Is 39779 prime?
True
Is 2524915 prime?
False
Is 251 composite?
False
Is 144203 a prime number?
True
Is 325253 a composite number?
True
Is 8941 composite?
False
Is 437629 a composite number?
False
Is 25733 a prime number?
True
Is 39019 composite?
False
Is 249667 a composite number?
True
Is 10517 prime?
False
Is 371 a composite number?
True
Is 12283 prime?
False
Is 37543 prime?
False
Is 83783 composite?
True
Is 3937 a prime number?
False
Is 38149 a composite number?
False
Is 48549 prime?
False
Is 334253 prime?
False
Is 182705 a composite number?
True
Is 6029 a composite number?
False
Is 112939 a prime number?
True
Is 2605 prime?
False
Is 16255 a prime number?
False
Is 67601 a composite number?
False
Is 529969 prime?
False
Is 131293 a prime number?
True
Is 100103 a composite number?
False
Is 23981 prime?
True
Is 593671 a composite number?
True
Is 21326 prime?
False
Is 6077 prime?
False
Is 1007 a composite number?
True
Is 108201 a prime number?
False
Is 974341 a prime number?
False
Is 51533 composite?
True
Is 237203 a composite number?
False
Is 578957 composite?
False
Is 64381 a prime number?
True
Is 6686 composite?
True
Is 6995 a prime number?
False
Is 814873 prime?
True
Is 20153 a composite number?
True
Is 124067 prime?
True
Is 1342489 prime?
True
Is 1046039 a prime number?
False
Is 11545 prime?
False
Is 121061 composite?
False
Is 8413 prime?
False
Is 642131 prime?
False
Is 359243 a composite number?
False
Is 7477 a prime number?
True
Is 2633 a prime number?
True
Is 367837 composite?
True
Is 585859 a composite number?
True
Is 87551 a composite number?
True
Is 86111 prime?
True
Is 7111 a composite number?
True
Is 15391 prime?
True
Is 14143 composite?
False
Is 63929 prime?
True
Is 218983 a prime number?
False
Is 1314809 a prime number?
True
Is 640547 a composite number?
True
Is 19373 a composite number?
False
Is 41086 composite?
True
Is 43031 a prime number?
False
Is 34459 composite?
True
Is 4621 a prime number?
True
Is 128489 a composite number?
False
Is 485726 prime?
False
Is 34421 a composite number?
False
Is 43663 a prime number?
False
Is 27679 composite?
True
Is 40693 prime?
True
Is 9014 a prime number?
False
Is 5911 composite?
True
Is 10961 a prime number?
False
Is 37 a prime number?
True
Is 14635 a prime number?
False
Is 1373437 composite?
True
Is 16153 composite?
True
Is 2521 composite?
False
Is 3707335 prime?
False
Is 1249 a prime number?
True
Is 18503 composite?
False
Is 62147 composite?
True
Is 2713231 a prime number?
False
Is 31669 prime?
False
Is 3935 a composite number?
True
Is 7829 a prime number?
True
Is 10193 composite?
False
Is 128395 a prime number?
False
Is 544937 composite?
False
Is 1069 composite?
False
Is 850711 composite?
False
Is 405985 composite?
True
Is 95651 a prime number?
True
Is 7907 composite?
False
Is 166039 prime?
False
Is 11251 prime?
True
Is 3562655 prime?
False
Is 353713 prime?
False
Is 154409 prime?
True
Is 10529 composite?
False
Is 206891 a prime number?
False
Is 1026791 a prime number?
True
Is 15781 composite?
True
Is 29395 a composite number?
True
Is 2189 a prime number?
False
Is 31967 composite?
True
Is 525827 a composite number?
True
Is 7789 prime?
True
Is 6587 composite?
True
Is 19939 a composite number?
True
Is 101069 a prime number?
False
Is 1009 a composite number?
False
Is 7346631 a composite number?
True
Is 40213 prime?
True
Is 89409 prime?
False
Is 38903 a composite number?
False
Is 90577 prime?
False
Is 14281 composite?
False
Is 5381 composite?
False
Is 417 a composite number?
True
Is 1315 a prime number?
False
Is 1195 prime?
False
Is 15929 a composite number?
True
Is 50237 a composite number?
True
Is 369637 a prime number?
True
Is 2374881 a composite number?
True
Is 2063315 prime?
False
Is 57215 a prime number?
False
Is 6031 prime?
False
Is 233 a composite number?
False
Is 18517 prime?
True
Is 16727 prime?
False
Is 94657 a prime number?
False
Is 244837 a prime number?
True
Is 1073641 composite?
True
Is 993 a prime number?
False
Is 6457 prime?
False
Is 46439 a prime number?
True
Is 687203 a composite number?
True
Is 962553 prime?
False
Is 33889 a prime number?
True
Is 3907 prime?
True
Is 5261 a composite number?
False
Is 240531 composite?
True
Is 15929 a composite number?
True
Is 674 a prime number?
False
Is 29485 a composite number?
True
Is 109639 a prime number?
True
Is 15017 a composite number?
False
Is 9913 a composite number?
True
Is 25793 a prime number?
True
Is 270697 a composite number?
True
Is 316331 a prime number?
False
Is 167435 a prime number?
False
Is 30341 a composite number?
False
Is 95293 a prime number?
False
Is 142741 prime?
False
Is 3541521 composite?
True
Is 11702 a composite number?
True
Is 10921 composite?
True
Is 13747 prime?
False
Is 142017 prime?
False
Is 6581 prime?
True
Is 21467 a prime number?
True
Is 1067 prime?
False
Is 86153 a composite number?
True
Is 6007 prime?
True
Is 2119 a composite number?
True
Is 6638249 a composite number?
False
Is 12739 a composite number?
False
Is 1428587 a composite number?
False
Is 122977 a prime number?
False
Is 1460135 composite?
True
Is 15599 prime?
False
Is 24737 prime?
False
Is 12659 a prime number?
True
Is 255613 a prime number?
True
Is 13309 composite?
False
Is 128813 prime?
True
Is 142949 a prime number?
True
Is 11579 a prime number?
True
Is 509203 a composite number?
False
Is 636931 a composite number?
False
Is 18871 a composite number?
True
Is 33149 a prime number?
True
Is 228343 prime?
False
Is 201389 a prime number?
True
Is 4861 composite?
False
Is 1178567 a prime number?
False
Is 42589 a composite number?
False
Is 8387 a prime number?
True
Is 79087 a prime number?
True
Is 18953 a composite number?
True
Is 50097 composite?
True
Is 269461 a prime number?
True
Is 28949 prime?
True
Is 449519 a composite number?
True
Is 2209 a composite number?
True
Is 14185 composite?
True
Is 31685 a composite number?
True
Is 537205 a prime number?
False
Is 13 prime?
True
Is 149 a prime number?
True
Is 30209 prime?
False
Is 15259 a composite number?
False
Is 248249 a composite number?
True
Is 16183 a composite number?
False
Is 58889 a composite number?
False
Is 5957755 prime?
False
Is 77003 a prime number?
True
Is 74489 composite?
False
Is 56697 a composite number?
True
Is 21089 a prime number?
True
Is 23447 composite?
False
Is 12269 prime?
True
Is 95383 a composite number?
False
Is 35413 composite?
True
Is 2307 a prime number?
False
Is 5227 a composite number?
False
Is 588257 a composite number?
False
Is 1097 prime?
True
Is 4547 a prime number?
True
Is 189403 a prime number?
False
Is 290581 prime?
False
Is 110077 a composite number?
True
Is 84047 composite?
False
Is 29737 a composite number?
True
Is 27967 a composite number?
False
Is 9206 a composite number?
True
Is 3037 a prime number?
True
Is 3236759 prime?
True
Is 2127 composite?
True
Is 54217 prime?
True
Is 30991 a composite number?
True
Is 2047 a composite number?
True
Is 3989 prime?
True
Is 47053 a prime number?
False
Is 16495 composite?
True
Is 58285 prime?
False
Is 258299 composite?
False
Is 236143 a prime number?
True
Is 3949 a composite number?
True
Is 18197 a prime number?
False
Is 431251 a prime number?
True
Is 17571 a composite number?
True
Is 73721 a composite number?
False
Is 418567 a prime number?
False
Is 2819 a composite number?
False
Is 417829 prime?
False
Is 34423 prime?
False
Is 23117 prime?
True
Is 380753 composite?
False
Is 100479 a prime number?
False
Is 25013 a composite number?
False
Is 611 a prime number?
False
Is 8147 prime?
True
Is 1027097 prime?
True
Is 47681 a compo